{"id":74,"date":"2022-12-02T19:26:07","date_gmt":"2022-12-02T19:26:07","guid":{"rendered":"https:\/\/turuncuemlak.com\/?page_id=74"},"modified":"2022-12-02T20:04:23","modified_gmt":"2022-12-02T20:04:23","slug":"74-2","status":"publish","type":"page","link":"https:\/\/turuncuemlak.com\/?page_id=74","title":{"rendered":""},"content":{"rendered":"\n<div class=\"section-wrapper\" data-id=\"ClCmkW\"><section class=\"wp-block-gutenverse-section guten-element guten-section guten-ClCmkW layout-boxed align-stretch\"><div class=\"guten-background-overlay\"><\/div><div class=\"guten-shape-divider guten-shape-divider-top\"><\/div><div class=\"guten-shape-divider guten-shape-divider-bottom\"><\/div><div class=\"guten-container guten-column-gap-no\">\n<div class=\"wp-block-gutenverse-column guten-element guten-column guten-nLuSof\"><div class=\"guten-background-overlay\"><\/div><div class=\"sticky-wrapper\" data-id=\"nLuSof\"><div class=\"guten-column-wrapper\">\n<h2 class=\"wp-block-gutenverse-heading guten-element guten-7gNhi7 animated guten-element-hide desktop-fadeInLeft\">Turuncu Emlak<\/h2>\n\n\n\n<div class=\"guten-element gutenverse-text-editor guten-2t2CRP animated guten-element-hide desktop-fadeInLeft\"><div class=\"text-content-inner\">\n<p>LTuruncu Emlak\u2019\u0131n Uzman Dan\u0131\u015fman Kadromuz arad\u0131\u011f\u0131n\u0131z evi bulman\u0131za yard\u0131mc\u0131 olur.<\/p>\n<\/div><\/div>\n\n\n\n<div class=\"section-wrapper\" data-id=\"THWG1X\"><section class=\"wp-block-gutenverse-section guten-element guten-section guten-THWG1X animated guten-element-hide desktop-fadeInLeft layout-boxed align-stretch\"><div class=\"guten-background-overlay\"><\/div><div class=\"guten-shape-divider guten-shape-divider-top\"><\/div><div class=\"guten-shape-divider guten-shape-divider-bottom\"><\/div><div class=\"guten-container guten-column-gap-no\">\n<div class=\"wp-block-gutenverse-column guten-element guten-column guten-Cl47t1\"><div class=\"guten-background-overlay\"><\/div><div class=\"sticky-wrapper\" data-id=\"Cl47t1\"><div class=\"guten-column-wrapper\">\n<div class=\"guten-element guten-KE0oSg guten-icon-box icon-position-left\"><div class=\"guten-icon-box-wrapper hover-from-left\"><div class=\"icon-box icon-box-header\"><div class=\"icon style-color\"><i class=\"gtn gtn-cityscape-light\"><\/i><\/div><\/div><div class=\"icon-box icon-box-body\"><h3 class=\"title\">Be\u015fikta\u015f,\u0130stanbul<\/h3><p class=\"icon-box-description\">H\u00dcSREV GEREDE CADDES\u0130 NO:4 Istanbul<\/p><\/div><\/div><\/div>\n<\/div><\/div><\/div>\n<\/div><\/section><\/div>\n\n\n\n<div class=\"guten-element gutenverse-maps guten-9NxnX6 animated guten-element-hide desktop-fadeInLeft\"><iframe frameborder=\"0\" scrolling=\"no\" marginheight=\"0\" marginwidth=\"0\" src=\"https:\/\/maps.google.com\/maps?q=Muradiye%2C%20H%C3%BCsrev%20Gerede%20Cd.%20No%3A4%20D%3A4%2C%2034357%20Be%C5%9Fikta%C5%9F%2F%C4%B0stanbul&amp;z=17&amp;t=m&amp;output=embed&amp;iwloc=near\" title=\"Muradiye, H\u00fcsrev Gerede Cd. No:4 D:4, 34357 Be\u015fikta\u015f\/\u0130stanbul\"><\/iframe><\/div>\n<\/div><\/div><\/div>\n\n\n\n<div class=\"wp-block-gutenverse-column guten-element guten-column guten-S5Bv0G animated guten-element-hide desktop-fadeInRight\"><div class=\"guten-background-overlay\"><\/div><div class=\"sticky-wrapper\" data-id=\"S5Bv0G\"><div class=\"guten-column-wrapper\">\n<h2 class=\"wp-block-gutenverse-heading guten-element guten-xLQcqQ\"> Bilgileriniz<\/h2>\n\n\n\n<form style=\"display:none\" class=\"guten-element guten-form-builder guten-eYTuM9\" data-hide-after=\"false\">\n<div class=\"section-wrapper\" data-id=\"qvvolu\"><section class=\"wp-block-gutenverse-section guten-element guten-section guten-qvvolu layout-boxed align-stretch\"><div class=\"guten-background-overlay\"><\/div><div class=\"guten-shape-divider guten-shape-divider-top\"><\/div><div class=\"guten-shape-divider guten-shape-divider-bottom\"><\/div><div class=\"guten-container guten-column-gap-no\">\n<div class=\"wp-block-gutenverse-column guten-element guten-column guten-IEyoBX\"><div class=\"guten-background-overlay\"><\/div><div class=\"sticky-wrapper\" data-id=\"IEyoBX\"><div class=\"guten-column-wrapper\">\n<div class=\"guten-element guten-form-input-text guten-form-input guten-input-position-top guten-oL8Hgj hide-helper\"><div class=\"label-wrapper\"><label class=\"input-label\">\u0130sim SOY\u0130S\u0130M<\/label><span class=\"required-badge\">*<\/span><\/div><div class=\"main-wrapper\"><input data-validation=\"{&quot;type&quot;:&quot;text&quot;,&quot;required&quot;:true,&quot;validationType&quot;:&quot;none&quot;,&quot;validationWarning&quot;:&quot;Input Invalid&quot;}\" placeholder=\"\u0130sminiz\" name=\"input-text-name\" class=\"gutenverse-input gutenverse-input-text\" type=\"text\"\/><div class=\"validation-error\">Input Invalid<\/div><\/div><\/div>\n<\/div><\/div><\/div>\n\n\n\n<div class=\"wp-block-gutenverse-column guten-element guten-column guten-HpSeEG\"><div class=\"guten-background-overlay\"><\/div><div class=\"sticky-wrapper\" data-id=\"HpSeEG\"><div class=\"guten-column-wrapper\">\n<div class=\"guten-element guten-form-input-text guten-form-input guten-input-position-top guten-rthzO7 hide-helper\"><div class=\"label-wrapper\"><label class=\"input-label\">Email<\/label><span class=\"required-badge\">*<\/span><\/div><div class=\"main-wrapper\"><input data-validation=\"{&quot;type&quot;:&quot;text&quot;,&quot;required&quot;:true,&quot;validationType&quot;:&quot;none&quot;,&quot;validationWarning&quot;:&quot;Input Invalid&quot;}\" placeholder=\"Email\" name=\"input-text-name\" class=\"gutenverse-input gutenverse-input-text\" type=\"text\"\/><div class=\"validation-error\">Input Invalid<\/div><\/div><\/div>\n<\/div><\/div><\/div>\n<\/div><\/section><\/div>\n\n\n\n<div class=\"guten-element guten-form-input-text guten-form-input guten-input-position-top guten-jaCw7N hide-helper\"><div class=\"label-wrapper\"><label class=\"input-label\">Ba\u015fl\u0131k<\/label><span class=\"required-badge\">*<\/span><\/div><div class=\"main-wrapper\"><input data-validation=\"{&quot;type&quot;:&quot;text&quot;,&quot;required&quot;:true,&quot;validationType&quot;:&quot;none&quot;,&quot;validationWarning&quot;:&quot;Input Invalid&quot;}\" placeholder=\"Ba\u015fl\u0131k\" name=\"input-text-name\" class=\"gutenverse-input gutenverse-input-text\" type=\"text\"\/><div class=\"validation-error\">Input Invalid<\/div><\/div><\/div>\n\n\n\n<div class=\"guten-element guten-form-input-textarea guten-form-input guten-input-position-top guten-QQDDhH hide-helper\"><div class=\"label-wrapper\"><label class=\"input-label\">\u00d6NER\u0130 \/ G\u00d6R\u00dc\u015e<\/label><span class=\"required-badge\">*<\/span><\/div><div class=\"main-wrapper\"><textarea data-validation=\"{&quot;type&quot;:&quot;textarea&quot;,&quot;required&quot;:true,&quot;validationType&quot;:&quot;none&quot;,&quot;validationWarning&quot;:&quot;Input Invalid&quot;}\" placeholder=\"Mesaj\u0131n\u0131z\" name=\"input-textarea\" class=\"gutenverse-input gutenverse-input-text\"><\/textarea><div class=\"validation-error\">Input Invalid<\/div><\/div><\/div>\n\n\n\n<div class=\"guten-element guten-button-wrapper guten-N94Rza\"><a class=\"guten-button guten-button-sm\" href=\"#\"><span>MESAJ G\u00d6NDEr<\/span><\/a><\/div>\n<\/form>\n<\/div><\/div><\/div>\n<\/div><\/section><\/div>\n","protected":false},"excerpt":{"rendered":"","protected":false},"author":1,"featured_media":0,"parent":0,"menu_order":0,"comment_status":"closed","ping_status":"closed","template":"","meta":{"footnotes":""},"class_list":["post-74","page","type-page","status-publish","hentry"],"_links":{"self":[{"href":"https:\/\/turuncuemlak.com\/index.php?rest_route=\/wp\/v2\/pages\/74","targetHints":{"allow":["GET"]}}],"collection":[{"href":"https:\/\/turuncuemlak.com\/index.php?rest_route=\/wp\/v2\/pages"}],"about":[{"href":"https:\/\/turuncuemlak.com\/index.php?rest_route=\/wp\/v2\/types\/page"}],"author":[{"embeddable":true,"href":"https:\/\/turuncuemlak.com\/index.php?rest_route=\/wp\/v2\/users\/1"}],"replies":[{"embeddable":true,"href":"https:\/\/turuncuemlak.com\/index.php?rest_route=%2Fwp%2Fv2%2Fcomments&post=74"}],"version-history":[{"count":13,"href":"https:\/\/turuncuemlak.com\/index.php?rest_route=\/wp\/v2\/pages\/74\/revisions"}],"predecessor-version":[{"id":102,"href":"https:\/\/turuncuemlak.com\/index.php?rest_route=\/wp\/v2\/pages\/74\/revisions\/102"}],"wp:attachment":[{"href":"https:\/\/turuncuemlak.com\/index.php?rest_route=%2Fwp%2Fv2%2Fmedia&parent=74"}],"curies":[{"name":"wp","href":"https:\/\/api.w.org\/{rel}","templated":true}]}}